{"id":1143,"date":"2017-02-10T10:40:36","date_gmt":"2017-02-10T10:40:36","guid":{"rendered":"https:\/\/cidadania.coop\/es\/inicio\/"},"modified":"2023-05-10T12:55:27","modified_gmt":"2023-05-10T11:55:27","slug":"inicio","status":"publish","type":"page","link":"https:\/\/cidadania.coop\/es\/","title":{"rendered":"Inicio"},"content":{"rendered":"<div class=\"flex_column av_three_fifth  flex_column_div av-zero-column-padding first  avia-builder-el-0  el_before_av_section  avia-builder-el-no-sibling  info_paxina \" style='border-radius:0px; '><section class=\"av_textblock_section \"  itemscope=\"itemscope\" itemtype=\"https:\/\/schema.org\/CreativeWork\" ><div class='avia_textblock  '  style='font-size:24px; '  itemprop=\"text\" ><p>Cidadan\u00eda es una cooperativa gallega que desde 1999 trabaja en pro de la democracia participativa como centro de su proyecto profesional.<\/p>\n<p>Facilitamos la participaci\u00f3n activa de la ciudadan\u00eda en las pol\u00edticas p\u00fablicas, dise\u00f1ando procesos de investigaci\u00f3n, consultor\u00eda y formaci\u00f3n.<\/p>\n<\/div><\/section><\/div>\n<\/div><\/div><\/div><!-- close content main div --><\/div><\/div><div id='av_section_1'  class='avia-section main_color avia-section-default avia-no-shadow  avia-bg-style-scroll  avia-builder-el-2  el_after_av_three_fifth  el_before_nu_euqipo  que_facemos  container_wrap sidebar_right' style=' '  ><div class='container' ><div class='template-page content  av-content-small alpha units'><div class='post-entry post-entry-type-page post-entry-1143'><div class='entry-content-wrapper clearfix'>\n<div class=\"flex_column av_one_fourth  flex_column_div av-zero-column-padding first  avia-builder-el-3  el_before_av_one_fourth  avia-builder-el-first  \" style='border-radius:0px; '><p><br \/>\n<div  style='padding-bottom:6px; ' class='av-special-heading av-special-heading-h3  blockquote modern-quote  avia-builder-el-5  el_after_av_codeblock  el_before_av_textblock  '><h3 class='av-special-heading-tag '  itemprop=\"headline\"  >Participaci\u00f3n<\/h3><div class='special-heading-border'><div class='special-heading-inner-border' ><\/div><\/div><\/div><br \/>\n<section class=\"av_textblock_section \"  itemscope=\"itemscope\" itemtype=\"https:\/\/schema.org\/CreativeWork\" ><div class='avia_textblock  '   itemprop=\"text\" ><p>La democracia es el coraz\u00f3n del proyecto profesional de Cidadan\u00eda. Un campo donde es positivo profundizar tanto en las administraciones p\u00fablicas como en las organizaciones sociales y econ\u00f3micas.<\/p>\n<\/div><\/section><\/p><\/div><div class=\"flex_column av_one_fourth  flex_column_div av-zero-column-padding   avia-builder-el-7  el_after_av_one_fourth  el_before_av_one_fourth  \" style='border-radius:0px; '><p><br \/>\n<div  style='padding-bottom:6px; ' class='av-special-heading av-special-heading-h3  blockquote modern-quote  avia-builder-el-9  el_after_av_codeblock  el_before_av_textblock  '><h3 class='av-special-heading-tag '  itemprop=\"headline\"  >Investigaci\u00f3n<\/h3><div class='special-heading-border'><div class='special-heading-inner-border' ><\/div><\/div><\/div><br \/>\n<section class=\"av_textblock_section \"  itemscope=\"itemscope\" itemtype=\"https:\/\/schema.org\/CreativeWork\" ><div class='avia_textblock  '   itemprop=\"text\" ><p>Realizamos investigaciones tomando como base diferentes metodolog\u00edas y t\u00e9cnicas: encuestas, grupos de discusi\u00f3n, entrevistas, historias de vida, an\u00e1lisis documental, metodolog\u00edas deliberativas\u2026<\/p>\n<\/div><\/section><\/p><\/div><div class=\"flex_column av_one_fourth  flex_column_div av-zero-column-padding   avia-builder-el-11  el_after_av_one_fourth  el_before_av_one_fourth  \" style='border-radius:0px; '><p><br \/>\n<div  style='padding-bottom:6px; ' class='av-special-heading av-special-heading-h3  blockquote modern-quote  avia-builder-el-13  el_after_av_codeblock  el_before_av_textblock  '><h3 class='av-special-heading-tag '  itemprop=\"headline\"  >Consultor\u00eda<\/h3><div class='special-heading-border'><div class='special-heading-inner-border' ><\/div><\/div><\/div><br \/>\n<section class=\"av_textblock_section \"  itemscope=\"itemscope\" itemtype=\"https:\/\/schema.org\/CreativeWork\" ><div class='avia_textblock  '   itemprop=\"text\" ><p>Tenemos una amplia experiencia en el an\u00e1lisis, planificaci\u00f3n, seguimiento y evaluaci\u00f3n de estrategias, planes y programas realizadas desde diferentes administraciones p\u00fablicas.<\/p>\n<\/div><\/section><\/p><\/div><div class=\"flex_column av_one_fourth  flex_column_div av-zero-column-padding   avia-builder-el-15  el_after_av_one_fourth  avia-builder-el-last  \" style='border-radius:0px; '><p><br \/>\n<div  style='padding-bottom:6px; ' class='av-special-heading av-special-heading-h3  blockquote modern-quote  avia-builder-el-17  el_after_av_codeblock  el_before_av_textblock  '><h3 class='av-special-heading-tag '  itemprop=\"headline\"  >Formaci\u00f3n<\/h3><div class='special-heading-border'><div class='special-heading-inner-border' ><\/div><\/div><\/div><br \/>\n<section class=\"av_textblock_section \"  itemscope=\"itemscope\" itemtype=\"https:\/\/schema.org\/CreativeWork\" ><div class='avia_textblock  '   itemprop=\"text\" ><p>Partiendo de la importancia central de las personas, facilitamos la adquisici\u00f3n de conocimientos atendiendo a las necesidades particulares y aplicamos el enfoque de la formaci\u00f3n-acci\u00f3n<\/p>\n<\/div><\/section><\/p><\/div>\n<\/div><\/div><\/div><!-- close content main div --><\/div><\/div><div id='after_section_1'  class='main_color av_default_container_wrap container_wrap sidebar_right' style=' '  ><div class='container' ><div class='template-page content  av-content-small alpha units'><div class='post-entry post-entry-type-page post-entry-1143'><div class='entry-content-wrapper clearfix'>\n<div class='equipo-slider con-cabeceira avia-content-slider-active avia-content-slider1 avia-content-slider-odd'><div class=\"cabeceira\"><a href=\"\/equipo\/\"><i class=\"fa fa-user\" aria-hidden=\"true\"><\/i>Quen somos<\/a><\/div><div><article class='flex_column  post-entry post-entry-1338 slide-entry-overview slide-parity-odd  av_one_fifth first real-thumbnail'  itemscope=\"itemscope\" itemtype=\"https:\/\/schema.org\/CreativeWork\" ><a href='https:\/\/cidadania.coop\/es\/membro\/luis-garcia-garcia\/' data-rel='slide-0' class='slide-image' title=''><img loading=\"lazy\" decoding=\"async\" width=\"180\" height=\"180\" src=\"https:\/\/cidadania.coop\/wp-content\/uploads\/2017\/02\/Luis-180x180.jpg\" class=\"attachment-square size-square wp-post-image\" alt=\"\" srcset=\"https:\/\/cidadania.coop\/wp-content\/uploads\/2017\/02\/Luis-180x180.jpg 180w, https:\/\/cidadania.coop\/wp-content\/uploads\/2017\/02\/Luis-80x80.jpg 80w, https:\/\/cidadania.coop\/wp-content\/uploads\/2017\/02\/Luis-36x36.jpg 36w, https:\/\/cidadania.coop\/wp-content\/uploads\/2017\/02\/Luis-120x120.jpg 120w\" sizes=\"(max-width: 180px) 100vw, 180px\" \/><\/a><div class='slide-content'><header class=\"entry-content-header\"><h3 class='slide-entry-title entry-title'  itemprop=\"headline\" ><a href='https:\/\/cidadania.coop\/es\/membro\/luis-garcia-garcia\/' title='Lu\u00eds Garc\u00eda Garc\u00eda'>Lu\u00eds Garc\u00eda Garc\u00eda<\/a><\/h3><\/header><div class='slide-entry-excerpt entry-content'  itemprop=\"text\" >Lu\u00eds se licenci\u00f3 en Ciencias Pol\u00edticas y de la Administraci\u00f3n, en la especialidad de Administraci\u00f3n P\u00fablica <\/div><\/div><footer class=\"entry-footer\"><\/footer><\/article><article class='flex_column  post-entry post-entry-1693 slide-entry-overview slide-parity-even  av_one_fifth  real-thumbnail'  itemscope=\"itemscope\" itemtype=\"https:\/\/schema.org\/CreativeWork\" ><a href='https:\/\/cidadania.coop\/es\/membro\/ana-gonzalez-garcia\/' data-rel='slide-0' class='slide-image' title=''><img loading=\"lazy\" decoding=\"async\" width=\"180\" height=\"180\" src=\"https:\/\/cidadania.coop\/wp-content\/uploads\/2019\/07\/Ana_Gonzalez-180x180.jpg\" class=\"attachment-square size-square wp-post-image\" alt=\"\" srcset=\"https:\/\/cidadania.coop\/wp-content\/uploads\/2019\/07\/Ana_Gonzalez-180x180.jpg 180w, https:\/\/cidadania.coop\/wp-content\/uploads\/2019\/07\/Ana_Gonzalez-80x80.jpg 80w, https:\/\/cidadania.coop\/wp-content\/uploads\/2019\/07\/Ana_Gonzalez-36x36.jpg 36w, https:\/\/cidadania.coop\/wp-content\/uploads\/2019\/07\/Ana_Gonzalez-120x120.jpg 120w, https:\/\/cidadania.coop\/wp-content\/uploads\/2019\/07\/Ana_Gonzalez-450x447.jpg 450w\" sizes=\"(max-width: 180px) 100vw, 180px\" \/><\/a><div class='slide-content'><header class=\"entry-content-header\"><h3 class='slide-entry-title entry-title'  itemprop=\"headline\" ><a href='https:\/\/cidadania.coop\/es\/membro\/ana-gonzalez-garcia\/' title='Ana Gonz\u00e1lez Garc\u00eda'>Ana Gonz\u00e1lez Garc\u00eda<\/a><\/h3><\/header><div class='slide-entry-excerpt entry-content'  itemprop=\"text\" >Licenciada en psicolog\u00eda y especializada en intervenci\u00f3n social.<\/div><\/div><footer class=\"entry-footer\"><\/footer><\/article><article class='flex_column  post-entry post-entry-1214 slide-entry-overview slide-parity-odd  av_one_fifth  real-thumbnail'  itemscope=\"itemscope\" itemtype=\"https:\/\/schema.org\/CreativeWork\" ><a href='https:\/\/cidadania.coop\/es\/membro\/rosa-muniz-castro\/' data-rel='slide-0' class='slide-image' title=''><img loading=\"lazy\" decoding=\"async\" width=\"180\" height=\"180\" src=\"https:\/\/cidadania.coop\/wp-content\/uploads\/2017\/02\/IMG_20230309_131719-01-1-e1746692019141-180x180.jpeg\" class=\"attachment-square size-square wp-post-image\" alt=\"\" srcset=\"https:\/\/cidadania.coop\/wp-content\/uploads\/2017\/02\/IMG_20230309_131719-01-1-e1746692019141-180x180.jpeg 180w, https:\/\/cidadania.coop\/wp-content\/uploads\/2017\/02\/IMG_20230309_131719-01-1-e1746692019141-80x80.jpeg 80w, https:\/\/cidadania.coop\/wp-content\/uploads\/2017\/02\/IMG_20230309_131719-01-1-e1746692019141-36x36.jpeg 36w\" sizes=\"(max-width: 180px) 100vw, 180px\" \/><\/a><div class='slide-content'><header class=\"entry-content-header\"><h3 class='slide-entry-title entry-title'  itemprop=\"headline\" ><a href='https:\/\/cidadania.coop\/es\/membro\/rosa-muniz-castro\/' title='Rosa Mu\u00f1iz Castro'>Rosa Mu\u00f1iz Castro<\/a><\/h3><\/header><div class='slide-entry-excerpt entry-content'  itemprop=\"text\" >Rosa estudi\u00f3 Ciencias Pol\u00edticas, especializ\u00e1ndose en Administraci\u00f3n P\u00fablica.<\/div><\/div><footer class=\"entry-footer\"><\/footer><\/article><article class='flex_column  post-entry post-entry-1340 slide-entry-overview slide-parity-even  post-entry-last  av_one_fifth  real-thumbnail'  itemscope=\"itemscope\" itemtype=\"https:\/\/schema.org\/CreativeWork\" ><a href='https:\/\/cidadania.coop\/es\/membro\/armando-broz-fidalgo\/' data-rel='slide-0' class='slide-image' title=''><img loading=\"lazy\" decoding=\"async\" width=\"180\" height=\"180\" src=\"https:\/\/cidadania.coop\/wp-content\/uploads\/2017\/02\/armando-180x180.jpg\" class=\"attachment-square size-square wp-post-image\" alt=\"\" srcset=\"https:\/\/cidadania.coop\/wp-content\/uploads\/2017\/02\/armando-180x180.jpg 180w, https:\/\/cidadania.coop\/wp-content\/uploads\/2017\/02\/armando-80x80.jpg 80w, https:\/\/cidadania.coop\/wp-content\/uploads\/2017\/02\/armando-36x36.jpg 36w, https:\/\/cidadania.coop\/wp-content\/uploads\/2017\/02\/armando-120x120.jpg 120w, https:\/\/cidadania.coop\/wp-content\/uploads\/2017\/02\/armando-450x450.jpg 450w\" sizes=\"(max-width: 180px) 100vw, 180px\" \/><\/a><div class='slide-content'><header class=\"entry-content-header\"><h3 class='slide-entry-title entry-title'  itemprop=\"headline\" ><a href='https:\/\/cidadania.coop\/es\/membro\/armando-broz-fidalgo\/' title='Armando Broz Fidalgo'>Armando Broz Fidalgo<\/a><\/h3><\/header><div class='slide-entry-excerpt entry-content'  itemprop=\"text\" >Tras estudiar Ciencias Pol\u00edticas y de la Administraci\u00f3n, se especializ\u00f3 en Estudios de mercado y opini\u00f3n.<\/div><\/div><footer class=\"entry-footer\"><\/footer><\/article><\/div><\/div>\n","protected":false},"excerpt":{"rendered":"","protected":false},"author":3,"featured_media":0,"parent":0,"menu_order":0,"comment_status":"closed","ping_status":"closed","template":"","meta":{"footnotes":""},"_links":{"self":[{"href":"https:\/\/cidadania.coop\/es\/wp-json\/wp\/v2\/pages\/1143"}],"collection":[{"href":"https:\/\/cidadania.coop\/es\/wp-json\/wp\/v2\/pages"}],"about":[{"href":"https:\/\/cidadania.coop\/es\/wp-json\/wp\/v2\/types\/page"}],"author":[{"embeddable":true,"href":"https:\/\/cidadania.coop\/es\/wp-json\/wp\/v2\/users\/3"}],"replies":[{"embeddable":true,"href":"https:\/\/cidadania.coop\/es\/wp-json\/wp\/v2\/comments?post=1143"}],"version-history":[{"count":10,"href":"https:\/\/cidadania.coop\/es\/wp-json\/wp\/v2\/pages\/1143\/revisions"}],"predecessor-version":[{"id":2642,"href":"https:\/\/cidadania.coop\/es\/wp-json\/wp\/v2\/pages\/1143\/revisions\/2642"}],"wp:attachment":[{"href":"https:\/\/cidadania.coop\/es\/wp-json\/wp\/v2\/media?parent=1143"}],"curies":[{"name":"wp","href":"https:\/\/api.w.org\/{rel}","templated":true}]}}

<div class="flex_column av_three_fifth  flex_column_div av-zero-column-padding first  avia-builder-el-0  el_before_av_section  avia-builder-el-no-sibling  info_paxina " style='border-radius:0px; '><section class="av_textblock_section "  itemscope="itemscope" itemtype="https://schema.org/CreativeWork" ><div class='avia_textblock  '  style='font-size:24px; '  itemprop="text" ><p>Cidadanía es una cooperativa gallega que desde 1999 trabaja en pro de la democracia participativa como centro de su proyecto profesional.</p>
<p>Facilitamos la participación activa de la ciudadanía en las políticas públicas, diseñando procesos de investigación, consultoría y formación.</p>
</div></section></div>
</div></div></div><!-- close content main div --></div></div><div id='av_section_1'  class='avia-section main_color avia-section-default avia-no-shadow  avia-bg-style-scroll  avia-builder-el-2  el_after_av_three_fifth  el_before_nu_euqipo  que_facemos  container_wrap sidebar_right' style=' '  ><div class='container' ><div class='template-page content  av-content-small alpha units'><div class='post-entry post-entry-type-page post-entry-1143'><div class='entry-content-wrapper clearfix'>
<div class="flex_column av_one_fourth  flex_column_div av-zero-column-padding first  avia-builder-el-3  el_before_av_one_fourth  avia-builder-el-first  " style='border-radius:0px; '><p><br />
<div  style='padding-bottom:6px; ' class='av-special-heading av-special-heading-h3  blockquote modern-quote  avia-builder-el-5  el_after_av_codeblock  el_before_av_textblock  '><h3 class='av-special-heading-tag '  itemprop="headline"  >Participación</h3><div class='special-heading-border'><div class='special-heading-inner-border' ></div></div></div><br />
<section class="av_textblock_section "  itemscope="itemscope" itemtype="https://schema.org/CreativeWork" ><div class='avia_textblock  '   itemprop="text" ><p>La democracia es el corazón del proyecto profesional de Cidadanía. Un campo donde es positivo profundizar tanto en las administraciones públicas como en las organizaciones sociales y económicas.</p>
</div></section></p></div><div class="flex_column av_one_fourth  flex_column_div av-zero-column-padding   avia-builder-el-7  el_after_av_one_fourth  el_before_av_one_fourth  " style='border-radius:0px; '><p><br />
<div  style='padding-bottom:6px; ' class='av-special-heading av-special-heading-h3  blockquote modern-quote  avia-builder-el-9  el_after_av_codeblock  el_before_av_textblock  '><h3 class='av-special-heading-tag '  itemprop="headline"  >Investigación</h3><div class='special-heading-border'><div class='special-heading-inner-border' ></div></div></div><br />
<section class="av_textblock_section "  itemscope="itemscope" itemtype="https://schema.org/CreativeWork" ><div class='avia_textblock  '   itemprop="text" ><p>Realizamos investigaciones tomando como base diferentes metodologías y técnicas: encuestas, grupos de discusión, entrevistas, historias de vida, análisis documental, metodologías deliberativas…</p>
</div></section></p></div><div class="flex_column av_one_fourth  flex_column_div av-zero-column-padding   avia-builder-el-11  el_after_av_one_fourth  el_before_av_one_fourth  " style='border-radius:0px; '><p><br />
<div  style='padding-bottom:6px; ' class='av-special-heading av-special-heading-h3  blockquote modern-quote  avia-builder-el-13  el_after_av_codeblock  el_before_av_textblock  '><h3 class='av-special-heading-tag '  itemprop="headline"  >Consultoría</h3><div class='special-heading-border'><div class='special-heading-inner-border' ></div></div></div><br />
<section class="av_textblock_section "  itemscope="itemscope" itemtype="https://schema.org/CreativeWork" ><div class='avia_textblock  '   itemprop="text" ><p>Tenemos una amplia experiencia en el análisis, planificación, seguimiento y evaluación de estrategias, planes y programas realizadas desde diferentes administraciones públicas.</p>
</div></section></p></div><div class="flex_column av_one_fourth  flex_column_div av-zero-column-padding   avia-builder-el-15  el_after_av_one_fourth  avia-builder-el-last  " style='border-radius:0px; '><p><br />
<div  style='padding-bottom:6px; ' class='av-special-heading av-special-heading-h3  blockquote modern-quote  avia-builder-el-17  el_after_av_codeblock  el_before_av_textblock  '><h3 class='av-special-heading-tag '  itemprop="headline"  >Formación</h3><div class='special-heading-border'><div class='special-heading-inner-border' ></div></div></div><br />
<section class="av_textblock_section "  itemscope="itemscope" itemtype="https://schema.org/CreativeWork" ><div class='avia_textblock  '   itemprop="text" ><p>Partiendo de la importancia central de las personas, facilitamos la adquisición de conocimientos atendiendo a las necesidades particulares y aplicamos el enfoque de la formación-acción</p>
</div></section></p></div>
</div></div></div><!-- close content main div --></div></div><div id='after_section_1'  class='main_color av_default_container_wrap container_wrap sidebar_right' style=' '  ><div class='container' ><div class='template-page content  av-content-small alpha units'><div class='post-entry post-entry-type-page post-entry-1143'><div class='entry-content-wrapper clearfix'>
<div class='equipo-slider con-cabeceira avia-content-slider-active avia-content-slider1 avia-content-slider-odd'><div class="cabeceira"><a href="/equipo/"><i class="fa fa-user" aria-hidden="true"></i>Quen somos</a></div><div><article class='flex_column  post-entry post-entry-1338 slide-entry-overview slide-parity-odd  av_one_fifth first real-thumbnail'  itemscope="itemscope" itemtype="https://schema.org/CreativeWork" ><a href='https://cidadania.coop/es/membro/luis-garcia-garcia/' data-rel='slide-0' class='slide-image' title=''><img loading="lazy" decoding="async" width="180" height="180" src="https://cidadania.coop/wp-content/uploads/2017/02/Luis-180x180.jpg" class="attachment-square size-square wp-post-image" alt="" srcset="https://cidadania.coop/wp-content/uploads/2017/02/Luis-180x180.jpg 180w, https://cidadania.coop/wp-content/uploads/2017/02/Luis-80x80.jpg 80w, https://cidadania.coop/wp-content/uploads/2017/02/Luis-36x36.jpg 36w, https://cidadania.coop/wp-content/uploads/2017/02/Luis-120x120.jpg 120w" sizes="(max-width: 180px) 100vw, 180px" /></a><div class='slide-content'><header class="entry-content-header"><h3 class='slide-entry-title entry-title'  itemprop="headline" ><a href='https://cidadania.coop/es/membro/luis-garcia-garcia/' title='Luís García García'>Luís García García</a></h3></header><div class='slide-entry-excerpt entry-content'  itemprop="text" >Luís se licenció en Ciencias Políticas y de la Administración, en la especialidad de Administración Pública </div></div><footer class="entry-footer"></footer></article><article class='flex_column  post-entry post-entry-1693 slide-entry-overview slide-parity-even  av_one_fifth  real-thumbnail'  itemscope="itemscope" itemtype="https://schema.org/CreativeWork" ><a href='https://cidadania.coop/es/membro/ana-gonzalez-garcia/' data-rel='slide-0' class='slide-image' title=''><img loading="lazy" decoding="async" width="180" height="180" src="https://cidadania.coop/wp-content/uploads/2019/07/Ana_Gonzalez-180x180.jpg" class="attachment-square size-square wp-post-image" alt="" srcset="https://cidadania.coop/wp-content/uploads/2019/07/Ana_Gonzalez-180x180.jpg 180w, https://cidadania.coop/wp-content/uploads/2019/07/Ana_Gonzalez-80x80.jpg 80w, https://cidadania.coop/wp-content/uploads/2019/07/Ana_Gonzalez-36x36.jpg 36w, https://cidadania.coop/wp-content/uploads/2019/07/Ana_Gonzalez-120x120.jpg 120w, https://cidadania.coop/wp-content/uploads/2019/07/Ana_Gonzalez-450x447.jpg 450w" sizes="(max-width: 180px) 100vw, 180px" /></a><div class='slide-content'><header class="entry-content-header"><h3 class='slide-entry-title entry-title'  itemprop="headline" ><a href='https://cidadania.coop/es/membro/ana-gonzalez-garcia/' title='Ana González García'>Ana González García</a></h3></header><div class='slide-entry-excerpt entry-content'  itemprop="text" >Licenciada en psicología y especializada en intervención social.</div></div><footer class="entry-footer"></footer></article><article class='flex_column  post-entry post-entry-1214 slide-entry-overview slide-parity-odd  av_one_fifth  real-thumbnail'  itemscope="itemscope" itemtype="https://schema.org/CreativeWork" ><a href='https://cidadania.coop/es/membro/rosa-muniz-castro/' data-rel='slide-0' class='slide-image' title=''><img loading="lazy" decoding="async" width="180" height="180" src="https://cidadania.coop/wp-content/uploads/2017/02/IMG_20230309_131719-01-1-e1746692019141-180x180.jpeg" class="attachment-square size-square wp-post-image" alt="" srcset="https://cidadania.coop/wp-content/uploads/2017/02/IMG_20230309_131719-01-1-e1746692019141-180x180.jpeg 180w, https://cidadania.coop/wp-content/uploads/2017/02/IMG_20230309_131719-01-1-e1746692019141-80x80.jpeg 80w, https://cidadania.coop/wp-content/uploads/2017/02/IMG_20230309_131719-01-1-e1746692019141-36x36.jpeg 36w" sizes="(max-width: 180px) 100vw, 180px" /></a><div class='slide-content'><header class="entry-content-header"><h3 class='slide-entry-title entry-title'  itemprop="headline" ><a href='https://cidadania.coop/es/membro/rosa-muniz-castro/' title='Rosa Muñiz Castro'>Rosa Muñiz Castro</a></h3></header><div class='slide-entry-excerpt entry-content'  itemprop="text" >Rosa estudió Ciencias Políticas, especializándose en Administración Pública.</div></div><footer class="entry-footer"></footer></article><article class='flex_column  post-entry post-entry-1340 slide-entry-overview slide-parity-even  post-entry-last  av_one_fifth  real-thumbnail'  itemscope="itemscope" itemtype="https://schema.org/CreativeWork" ><a href='https://cidadania.coop/es/membro/armando-broz-fidalgo/' data-rel='slide-0' class='slide-image' title=''><img loading="lazy" decoding="async" width="180" height="180" src="https://cidadania.coop/wp-content/uploads/2017/02/armando-180x180.jpg" class="attachment-square size-square wp-post-image" alt="" srcset="https://cidadania.coop/wp-content/uploads/2017/02/armando-180x180.jpg 180w, https://cidadania.coop/wp-content/uploads/2017/02/armando-80x80.jpg 80w, https://cidadania.coop/wp-content/uploads/2017/02/armando-36x36.jpg 36w, https://cidadania.coop/wp-content/uploads/2017/02/armando-120x120.jpg 120w, https://cidadania.coop/wp-content/uploads/2017/02/armando-450x450.jpg 450w" sizes="(max-width: 180px) 100vw, 180px" /></a><div class='slide-content'><header class="entry-content-header"><h3 class='slide-entry-title entry-title'  itemprop="headline" ><a href='https://cidadania.coop/es/membro/armando-broz-fidalgo/' title='Armando Broz Fidalgo'>Armando Broz Fidalgo</a></h3></header><div class='slide-entry-excerpt entry-content'  itemprop="text" >Tras estudiar Ciencias Políticas y de la Administración, se especializó en Estudios de mercado y opinión.</div></div><footer class="entry-footer"></footer></article></div></div>
